{"id":165,"date":"2019-01-10T16:11:08","date_gmt":"2019-01-10T15:11:08","guid":{"rendered":"https:\/\/www.sixtus81.de\/?page_id=165"},"modified":"2023-10-19T17:10:14","modified_gmt":"2023-10-19T15:10:14","slug":"meine-hardware","status":"publish","type":"page","link":"https:\/\/www.sixtus81.de\/index.php\/meine-hardware\/","title":{"rendered":"Meine Hardware"},"content":{"rendered":"\n<h2 class=\"wp-block-heading\">Mein Rechner<\/h2>\n\n\n\n<ul class=\"wp-block-list\">\n<li>CPU: Intel Core i9-12900KF LGA1700 | @5400MHz P-Core | @4100MHz E-Core<\/li>\n\n\n\n<li>RAM: DDR5 64GB G.SKILL 6000MHz<\/li>\n\n\n\n<li>HDD: SSD 2TB Samsung 980 Pro M.2 PCIe 4.0<\/li>\n\n\n\n<li>Mainboard: ASUS ROG STRIX Z690-E GAMING<\/li>\n\n\n\n<li>VGA: EVGA RTX 3070Ti FTW3 Ultra @2010MHz<\/li>\n\n\n\n<li>PSU: ASUS ROG Thor 1000W<\/li>\n\n\n\n<li>Custom-WaK\u00fc | MO-RA 360er mit 9x 120mm NoiseBlocker ARGB<\/li>\n\n\n\n<li>Geh\u00e4use: LianLi O11 ASUS ROG<\/li>\n\n\n\n<li>Tastatur: Logitech G910 ORION Tacticle Switches <\/li>\n\n\n\n<li>Maus: Logitech G502 Lightspeed<\/li>\n\n\n\n<li>2x GIGABYTE G27FC FHD 165MHz<\/li>\n\n\n\n<li>ARZOPA Portable Monitor, 15.6 Zoll, 1920&#215;1080 Full HD<\/li>\n\n\n\n<li>Mikrofon: SAMSON G Track<\/li>\n\n\n\n<li>Kopfh\u00f6rer: beyerdynamic DT 1990 PRO<\/li>\n<\/ul>\n\n\n\n<figure class=\"wp-block-image\"><img data-recalc-dims=\"1\" loading=\"lazy\" decoding=\"async\" width=\"1440\" height=\"2560\" data-attachment-id=\"2556\" data-permalink=\"https:\/\/www.sixtus81.de\/index.php\/meine-hardware\/img_1265\/\" data-orig-file=\"https:\/\/i0.wp.com\/www.sixtus81.de\/wp-content\/uploads\/2023\/10\/IMG_1265-scaled.jpg?fit=1440%2C2560&amp;ssl=1\" data-orig-size=\"1440,2560\" data-comments-opened=\"1\" data-image-meta=\"{&quot;aperture&quot;:&quot;0&quot;,&quot;credit&quot;:&quot;&quot;,&quot;camera&quot;:&quot;&quot;,&quot;caption&quot;:&quot;&quot;,&quot;created_timestamp&quot;:&quot;0&quot;,&quot;copyright&quot;:&quot;&quot;,&quot;focal_length&quot;:&quot;0&quot;,&quot;iso&quot;:&quot;0&quot;,&quot;shutter_speed&quot;:&quot;0&quot;,&quot;title&quot;:&quot;&quot;,&quot;orientation&quot;:&quot;0&quot;}\" data-image-title=\"IMG_1265\" data-image-description=\"\" data-image-caption=\"\" data-medium-file=\"https:\/\/i0.wp.com\/www.sixtus81.de\/wp-content\/uploads\/2023\/10\/IMG_1265-scaled.jpg?fit=169%2C300&amp;ssl=1\" data-large-file=\"https:\/\/i0.wp.com\/www.sixtus81.de\/wp-content\/uploads\/2023\/10\/IMG_1265-scaled.jpg?fit=576%2C1024&amp;ssl=1\" src=\"https:\/\/i0.wp.com\/www.sixtus81.de\/wp-content\/uploads\/2023\/10\/IMG_1265-scaled.jpg?resize=1440%2C2560&#038;ssl=1\" alt=\"\" class=\"wp-image-2556\" title=\"\" srcset=\"https:\/\/i0.wp.com\/www.sixtus81.de\/wp-content\/uploads\/2023\/10\/IMG_1265-scaled.jpg?w=1440&amp;ssl=1 1440w, https:\/\/i0.wp.com\/www.sixtus81.de\/wp-content\/uploads\/2023\/10\/IMG_1265-scaled.jpg?resize=169%2C300&amp;ssl=1 169w, https:\/\/i0.wp.com\/www.sixtus81.de\/wp-content\/uploads\/2023\/10\/IMG_1265-scaled.jpg?resize=576%2C1024&amp;ssl=1 576w, https:\/\/i0.wp.com\/www.sixtus81.de\/wp-content\/uploads\/2023\/10\/IMG_1265-scaled.jpg?resize=768%2C1365&amp;ssl=1 768w, https:\/\/i0.wp.com\/www.sixtus81.de\/wp-content\/uploads\/2023\/10\/IMG_1265-scaled.jpg?resize=864%2C1536&amp;ssl=1 864w, https:\/\/i0.wp.com\/www.sixtus81.de\/wp-content\/uploads\/2023\/10\/IMG_1265-scaled.jpg?resize=1152%2C2048&amp;ssl=1 1152w, https:\/\/i0.wp.com\/www.sixtus81.de\/wp-content\/uploads\/2023\/10\/IMG_1265-scaled.jpg?resize=84%2C150&amp;ssl=1 84w\" sizes=\"auto, (max-width: 1440px) 100vw, 1440px\" \/><\/figure>\n","protected":false},"excerpt":{"rendered":"<p>Mein Rechner<\/p>\n<p> <a class=\"continue-reading-link\" href=\"https:\/\/www.sixtus81.de\/index.php\/meine-hardware\/\"><span>Weiterlesen&#8230;<\/span><i class=\"crycon-right-dir\"><\/i><\/a> <\/p>\n","protected":false},"author":1,"featured_media":0,"parent":0,"menu_order":0,"comment_status":"closed","ping_status":"closed","template":"","meta":{"jetpack_post_was_ever_published":false,"footnotes":""},"class_list":["post-165","page","type-page","status-publish","hentry"],"jetpack_sharing_enabled":true,"jetpack_shortlink":"https:\/\/wp.me\/P5M6eh-2F","jetpack_likes_enabled":true,"jetpack-related-posts":[{"id":21,"url":"https:\/\/www.sixtus81.de\/index.php\/impressum\/","url_meta":{"origin":165,"position":0},"title":"Impressum","author":"Sixtus81","date":"20. Mai 2018","format":false,"excerpt":"Angaben gem\u00e4\u00df \u00a7 5 TMG: Christian M\u00fcller Fliederstra\u00dfe, 18 95676 Wiesau Kontakt: Telefon: +49 (0)171 141 76 65 Telefax: +49 (0) 9634 91 42 54 EMail: info@sixtus81.de Haftung f\u00fcr Inhalte Als Diensteanbieter sind wir gem\u00e4\u00df \u00a7 7 Abs.1 TMG f\u00fcr eigene Inhalte auf diesen Seiten nach den allgemeinen Gesetzen verantwortlich.\u2026","rel":"","context":"\u00c4hnlicher Beitrag","block_context":{"text":"\u00c4hnlicher Beitrag","link":""},"img":{"alt_text":"","src":"","width":0,"height":0},"classes":[]}],"_links":{"self":[{"href":"https:\/\/www.sixtus81.de\/index.php\/wp-json\/wp\/v2\/pages\/165","targetHints":{"allow":["GET"]}}],"collection":[{"href":"https:\/\/www.sixtus81.de\/index.php\/wp-json\/wp\/v2\/pages"}],"about":[{"href":"https:\/\/www.sixtus81.de\/index.php\/wp-json\/wp\/v2\/types\/page"}],"author":[{"embeddable":true,"href":"https:\/\/www.sixtus81.de\/index.php\/wp-json\/wp\/v2\/users\/1"}],"replies":[{"embeddable":true,"href":"https:\/\/www.sixtus81.de\/index.php\/wp-json\/wp\/v2\/comments?post=165"}],"version-history":[{"count":8,"href":"https:\/\/www.sixtus81.de\/index.php\/wp-json\/wp\/v2\/pages\/165\/revisions"}],"predecessor-version":[{"id":2557,"href":"https:\/\/www.sixtus81.de\/index.php\/wp-json\/wp\/v2\/pages\/165\/revisions\/2557"}],"wp:attachment":[{"href":"https:\/\/www.sixtus81.de\/index.php\/wp-json\/wp\/v2\/media?parent=165"}],"curies":[{"name":"wp","href":"https:\/\/api.w.org\/{rel}","templated":true}]}}